{"id":39,"date":"2025-09-15T09:33:56","date_gmt":"2025-09-15T09:33:56","guid":{"rendered":"https:\/\/www.cappelaere.louisst.o2switch.site\/blog\/?page_id=39"},"modified":"2025-11-03T10:25:03","modified_gmt":"2025-11-03T10:25:03","slug":"mon-projet-professionnels","status":"publish","type":"page","link":"https:\/\/www.cappelaere.louisst.o2switch.site\/blog\/mon-projet-professionnels\/","title":{"rendered":"Mon projet professionnel"},"content":{"rendered":"\n<h3 class=\"wp-block-heading\"><strong>Mon projet pro : travailler a l\u2019international<\/strong><\/h3>\n\n\n\n<p style=\"text-transform:none\">Apr\u00e8s mon BTS NDRC, j\u2019aimerais continuer mes \u00e9tudes pour me sp\u00e9cialiser dans le commerce \u00e0 l\u2019international, surtout l\u2019import-export. Mon id\u00e9e serait de faire d\u2019abord une Licence Professionnelle M\u00e9tiers du Commerce International. Cette licence permet de d\u00e9couvrir tous les aspects du commerce international : n\u00e9gociation, gestion des \u00e9changes, marketing et logistique. elle inclut souvent des stages ou de l\u2019alternance, donc c\u2019est parfait pour apprendre en vrai ce que \u00e7a fait de travailler dans ce domaine et se faire un peu d\u2019exp\u00e9rience.<\/p>\n\n\n\n<p style=\"text-transform:none\">Ensuite, je voudrais poursuivre avec un Master en Management et Commerce International, qui permet de se sp\u00e9cialiser davantage et de vraiment comprendre la strat\u00e9gie des entreprises \u00e0 l\u2019international. L\u2019id\u00e9e, c\u2019est de pouvoir g\u00e9rer des projets import-export, n\u00e9gocier avec des clients ou fournisseurs \u00e0 l\u2019\u00e9tranger, et devenir \u00e0 l\u2019aise dans un environnement international.<\/p>\n\n\n\n<p style=\"text-transform:none\">\u00c0 terme, mon objectif est d\u2019occuper un poste dans l\u2019import-export ou le commerce international, comme responsable export ou acheteuse internationale. Je trouve \u00e7a super motivant parce que ce secteur est dynamique, on travaille avec des gens de diff\u00e9rents pays, et on d\u00e9couvre plusieurs cultures. Je suis vraiment motiv\u00e9e pour construire mon avenir l\u00e0-dedans et profiter de chaque opportunit\u00e9 pour apprendre et progresser.<\/p>\n\n\n\n<figure class=\"wp-block-embed is-type-video is-provider-youtube wp-block-embed-youtube wp-embed-aspect-16-9 wp-has-aspect-ratio\"><div class=\"wp-block-embed__wrapper\">\n<div class=\"ast-oembed-container \" style=\"height: 100%;\"><iframe loading=\"lazy\" title=\"Licence Professionnelle M\u00e9tiers du Commerce International\" width=\"500\" height=\"281\" src=\"https:\/\/www.youtube.com\/embed\/rhKn09eo1IE?feature=oembed\" frameborder=\"0\" allow=\"accelerometer; autoplay; clipboard-write; encrypted-media; gyroscope; picture-in-picture; web-share\" referrerpolicy=\"strict-origin-when-cross-origin\" allowfullscreen><\/iframe><\/div>\n<\/div><\/figure>\n\n\n\n<p class=\"has-ast-global-color-0-color has-text-color has-link-color wp-elements-c2b21d5bd589252107fda094732f1790\"><\/p>\n\n\n\n<div class=\"wp-block-uagb-buttons uagb-buttons__outer-wrap uagb-btn__default-btn uagb-btn-tablet__default-btn uagb-btn-mobile__default-btn uagb-block-e2a654b3\"><div class=\"uagb-buttons__wrap uagb-buttons-layout-wrap \">\n<div class=\"wp-block-uagb-buttons-child uagb-buttons__outer-wrap uagb-block-375fc05d wp-block-button\"><div class=\"uagb-button__wrapper\"><a class=\"uagb-buttons-repeater wp-block-button__link\" aria-label=\"\" href=\"https:\/\/www.cappelaere.louisst.o2switch.site\/blog\/ma-formation\/\" rel=\"follow noopener\" target=\"_self\" role=\"button\"><div class=\"uagb-button__link\">D\u00e9couvrir ma formation <\/div><\/a><\/div><\/div>\n<\/div><\/div>\n\n\n\n<div class=\"wp-block-uagb-buttons uagb-buttons__outer-wrap uagb-btn__default-btn uagb-btn-tablet__default-btn uagb-btn-mobile__default-btn uagb-block-28b5cd15\"><div class=\"uagb-buttons__wrap uagb-buttons-layout-wrap \"><\/div><\/div>\n\n\n\n<div class=\"wp-block-uagb-buttons uagb-buttons__outer-wrap uagb-btn__default-btn uagb-btn-tablet__default-btn uagb-btn-mobile__default-btn uagb-block-2b351970\"><div class=\"uagb-buttons__wrap uagb-buttons-layout-wrap \"><\/div><\/div>\n\n\n\n<p><\/p>\n","protected":false},"excerpt":{"rendered":"<p>Mon projet pro : travailler a l\u2019international Apr\u00e8s mon BTS NDRC, j\u2019aimerais continuer mes \u00e9tudes pour me sp\u00e9cialiser dans le commerce \u00e0 l\u2019international, surtout l\u2019import-export. Mon id\u00e9e serait de faire d\u2019abord une Licence Professionnelle M\u00e9tiers du Commerce International. Cette licence permet de d\u00e9couvrir tous les aspects du commerce international : n\u00e9gociation, gestion des \u00e9changes, marketing [&hellip;]<\/p>\n","protected":false},"author":1,"featured_media":0,"parent":0,"menu_order":0,"comment_status":"closed","ping_status":"closed","template":"","meta":{"_uag_custom_page_level_css":"","site-sidebar-layout":"default","site-content-layout":"","ast-site-content-layout":"default","site-content-style":"default","site-sidebar-style":"default","ast-global-header-display":"","ast-banner-title-visibility":"","ast-main-header-display":"","ast-hfb-above-header-display":"","ast-hfb-below-header-display":"","ast-hfb-mobile-header-display":"","site-post-title":"","ast-breadcrumbs-content":"","ast-featured-img":"","footer-sml-layout":"","theme-transparent-header-meta":"","adv-header-id-meta":"","stick-header-meta":"","header-above-stick-meta":"","header-main-stick-meta":"","header-below-stick-meta":"","astra-migrate-meta-layouts":"default","ast-page-background-enabled":"default","ast-page-background-meta":{"desktop":{"background-color":"var(--ast-global-color-5)","background-image":"","background-repeat":"repeat","background-position":"center center","background-size":"auto","background-attachment":"scroll","background-type":"","background-media":"","overlay-type":"","overlay-color":"","overlay-opacity":"","overlay-gradient":""},"tablet":{"background-color":"","background-image":"","background-repeat":"repeat","background-position":"center center","background-size":"auto","background-attachment":"scroll","background-type":"","background-media":"","overlay-type":"","overlay-color":"","overlay-opacity":"","overlay-gradient":""},"mobile":{"background-color":"","background-image":"","background-repeat":"repeat","background-position":"center center","background-size":"auto","background-attachment":"scroll","background-type":"","background-media":"","overlay-type":"","overlay-color":"","overlay-opacity":"","overlay-gradient":""}},"ast-content-background-meta":{"desktop":{"background-color":"var(--ast-global-color-4)","background-image":"","background-repeat":"repeat","background-position":"center center","background-size":"auto","background-attachment":"scroll","background-type":"","background-media":"","overlay-type":"","overlay-color":"","overlay-opacity":"","overlay-gradient":""},"tablet":{"background-color":"var(--ast-global-color-4)","background-image":"","background-repeat":"repeat","background-position":"center center","background-size":"auto","background-attachment":"scroll","background-type":"","background-media":"","overlay-type":"","overlay-color":"","overlay-opacity":"","overlay-gradient":""},"mobile":{"background-color":"var(--ast-global-color-4)","background-image":"","background-repeat":"repeat","background-position":"center center","background-size":"auto","background-attachment":"scroll","background-type":"","background-media":"","overlay-type":"","overlay-color":"","overlay-opacity":"","overlay-gradient":""}},"footnotes":""},"class_list":["post-39","page","type-page","status-publish","hentry"],"uagb_featured_image_src":{"full":false,"thumbnail":false,"medium":false,"medium_large":false,"large":false,"1536x1536":false,"2048x2048":false},"uagb_author_info":{"display_name":"admin","author_link":"https:\/\/www.cappelaere.louisst.o2switch.site\/blog\/author\/admin\/"},"uagb_comment_info":0,"uagb_excerpt":"Mon projet pro : travailler a l\u2019international Apr\u00e8s mon BTS NDRC, j\u2019aimerais continuer mes \u00e9tudes pour me sp\u00e9cialiser dans le commerce \u00e0 l\u2019international, surtout l\u2019import-export. Mon id\u00e9e serait de faire d\u2019abord une Licence Professionnelle M\u00e9tiers du Commerce International. Cette licence permet de d\u00e9couvrir tous les aspects du commerce international : n\u00e9gociation, gestion des \u00e9changes, marketing\u2026","_links":{"self":[{"href":"https:\/\/www.cappelaere.louisst.o2switch.site\/blog\/wp-json\/wp\/v2\/pages\/39","targetHints":{"allow":["GET"]}}],"collection":[{"href":"https:\/\/www.cappelaere.louisst.o2switch.site\/blog\/wp-json\/wp\/v2\/pages"}],"about":[{"href":"https:\/\/www.cappelaere.louisst.o2switch.site\/blog\/wp-json\/wp\/v2\/types\/page"}],"author":[{"embeddable":true,"href":"https:\/\/www.cappelaere.louisst.o2switch.site\/blog\/wp-json\/wp\/v2\/users\/1"}],"replies":[{"embeddable":true,"href":"https:\/\/www.cappelaere.louisst.o2switch.site\/blog\/wp-json\/wp\/v2\/comments?post=39"}],"version-history":[{"count":11,"href":"https:\/\/www.cappelaere.louisst.o2switch.site\/blog\/wp-json\/wp\/v2\/pages\/39\/revisions"}],"predecessor-version":[{"id":224,"href":"https:\/\/www.cappelaere.louisst.o2switch.site\/blog\/wp-json\/wp\/v2\/pages\/39\/revisions\/224"}],"wp:attachment":[{"href":"https:\/\/www.cappelaere.louisst.o2switch.site\/blog\/wp-json\/wp\/v2\/media?parent=39"}],"curies":[{"name":"wp","href":"https:\/\/api.w.org\/{rel}","templated":true}]}}